{"id":591,"date":"2014-10-27T09:47:14","date_gmt":"2014-10-27T09:47:14","guid":{"rendered":"http:\/\/www.laurenceaegerter.com\/newsite\/?page_id=591"},"modified":"2015-03-24T14:55:37","modified_gmt":"2015-03-24T14:55:37","slug":"appropriations-marieke-wiegel-2009","status":"publish","type":"page","link":"https:\/\/laurenceaegerter.com\/artwork\/appropriations-marieke-wiegel-2009\/","title":{"rendered":"Appropriations, Marieke Wiegel, 2009\/ Le Louvre, Het Apparaat, Catalogue des Chefs-d&#8217;Oeuvre"},"content":{"rendered":"<section  class='av_textblock_section av-av_textblock-0366cc7376be6c9e82a3e9cc8987b64f '   itemscope=\"itemscope\" itemtype=\"https:\/\/schema.org\/CreativeWork\" ><div class='avia_textblock'  itemprop=\"text\" ><h4>Appropriations<\/h4>\n<h4><em>Marieke Wiegel<\/em><\/h4>\n<p>2009<\/p>\n<\/div><\/section>\n<div  class='flex_column av-av_one_half-2a9015ff38129c418a3f2eafba3e9512 av_one_half  avia-builder-el-1  el_after_av_textblock  el_before_av_one_half  first flex_column_div  column-top-margin'     ><section  class='av_textblock_section av-av_textblock-0366cc7376be6c9e82a3e9cc8987b64f '   itemscope=\"itemscope\" itemtype=\"https:\/\/schema.org\/CreativeWork\" ><div class='avia_textblock'  itemprop=\"text\" ><p>Cet automne, pendant les diff\u00e9rentes manifestations, l\u2019Institut N\u00e9erlandais pr\u00e9sente l\u2019artiste contemporaine Laurence A\u00ebgerter. S\u2019inspirant du Catalogue des chefs-d\u2019oeuvre du mus\u00e9e du Louvre (1976), son travail consiste \u00e0 photographier des visiteurs devant les oeuvres cl\u00e9s du Louvre et du Rijksmuseum. Elle attribue temporairement une nouvelle identit\u00e9 \u00e0 ces tableaux des ma\u00eetres fran\u00e7ais et hollandais et jette un pont entre l\u2019image iconique et l\u2019anonymat du visiteur.<\/p>\n<p>A\u00ebgerter, n\u00e9e en 1972 \u00e0 Marseille, a fait ses \u00e9tudes aux Pays-Bas \u00e0 l\u2019Acad\u00e9mie Rietveld. Elle travaille avec diff\u00e9rents m\u00e9dias comme photographie, vid\u00e9o et installations. Fascin\u00e9e par des syst\u00e8mes qui semblent ordonner la r\u00e9alit\u00e9 \u00e0 la fois dans le domaine priv\u00e9 et public,Laurence A\u00ebgerter s\u2019obstine \u00e0 s\u2019approprier ces syst\u00e8mes en les soumettant \u00e0 une transformation structurelle.<\/p>\n<p>En parlant de \u00ab son point de d\u00e9part artistique \u00bb elle dit : \u00ab Je personnifie et m\u2019approprie des syst\u00e8mes existants. Dans mon processus de travail, j\u2019examine ces syst\u00e8mes, j\u2019interviens dans leur fonction et dans leur structure et leur fournis un nouveau contexte. Les syst\u00e8mes de domaines priv\u00e9s comme publics me servent de sources pour ce travail. [\u2026] Ma fascination pour les syst\u00e8mes tire avant tout son origine d\u2019une n\u00e9cessit\u00e9 profonde d\u2019interf\u00e9rer dans l\u2019ordre du monde qui m\u2019entoure. L\u2019une des oeuvres que j\u2019ai produites, 180 degrees encyclopaedia, est un fac-simil\u00e9 exact d\u2019une encyclop\u00e9die Larousse de 1970. Dans cette r\u00e9plique, j\u2019ai remplac\u00e9 deux cents images de paysages et de monuments par des photographies prises exactement au m\u00eame endroit, mais dans une direction oppos\u00e9e.<\/p>\n<\/div><\/section><\/div>\n<div  class='flex_column av-av_one_half-b51168870d26eac9084c0e2dc495efe0 av_one_half  avia-builder-el-3  el_after_av_one_half  avia-builder-el-last  flex_column_div  column-top-margin'     ><section  class='av_textblock_section av-av_textblock-0366cc7376be6c9e82a3e9cc8987b64f '   itemscope=\"itemscope\" itemtype=\"https:\/\/schema.org\/CreativeWork\" ><div class='avia_textblock'  itemprop=\"text\" ><p>Contrairement \u00e0 l\u2019encyclop\u00e9diste qui per\u00e7oit le monde au travers d\u2019une m\u00e9thode apparemment objective, j\u2019ai visiblement utilis\u00e9 une m\u00e9thode subjective. De cette fa\u00e7on je remets en question le caract\u00e8re objectif de l\u2019encyclop\u00e9die.De par cette appropriation,une interpr\u00e9tation renouvel\u00e9e du syst\u00e8me existant fait son irruption, ce qui soul\u00e8ve des questions relatives \u00e0 la valeur normative de la structure d\u2019origine. Au cours de mon processus de travail je m&#8217;impose une s\u00e9rie de r\u00e8gles strictes. En dehors de ces limitations impos\u00e9es, je fais r\u00e9guli\u00e8rement usage des co\u00efncidences que je d\u00e9couvre au sein de syst\u00e8mes existants et utilise la chance organis\u00e9e comme un instrument. Je fais intervenir des sp\u00e9cialistes d\u2019autres disciplines pour une collaboration et invite des sous-communaut\u00e9s \u00e0 la partie ex\u00e9cutoire de mon travail. [\u2026] Ma fa\u00e7on de travailler est dialectique par nature:d\u00e9construisant et arrangeant \u00e0 la fois, transformant un domaine public en domaine priv\u00e9 et vice versa. La citation suivante de Georges Perec d\u00e9crit au mieux le motif sous-jacent de ma vocation artistique : \u00abIl m\u2019appara\u00eet clairement que la seule fa\u00e7on de revendiquer la libert\u00e9 dans un domaine circonscrit est de concevoir une construction au sein ou au-dessus de la structure existante. Cela ne la d\u00e9truit pas mais modifie son identit\u00e9. Cela offre de nouvelles possibilit\u00e9s pour interpr\u00e9ter le syst\u00e8me existant, une valeur ajout\u00e9e\u00bb.<\/p>\n<p>A l\u2019Institut N\u00e9erlandais Laurence A\u00ebgerter pr\u00e9sente une s\u00e9lection de la s\u00e9rie \u00abHet Apparaat \u00bb r\u00e9alis\u00e9e au Rijksmuseum et la s\u00e9rie \u00abLe Louvre\u00bb, ainsi que ces livres d\u2019artistes comme 180 degrees encyclopaedia.<\/p>\n<p>Avec le soutien g\u00e9n\u00e9reux de la Fondation pour les Arts plastiques, le Design et l\u2019Architecture (Fonds BKVB\/www.fondsbkvb.nl)<\/p>\n<\/div><\/section><\/div>\n","protected":false},"excerpt":{"rendered":"","protected":false},"author":1,"featured_media":0,"parent":0,"menu_order":24,"comment_status":"open","ping_status":"closed","template":"","meta":{"_exactmetrics_skip_tracking":false,"_exactmetrics_sitenote_active":false,"_exactmetrics_sitenote_note":"","_exactmetrics_sitenote_category":0,"footnotes":""},"class_list":["post-591","page","type-page","status-publish","hentry"],"yoast_head":"<!-- This site is optimized with the Yoast SEO plugin v27.5 - https:\/\/yoast.com\/product\/yoast-seo-wordpress\/ -->\n<title>Appropriations, Marieke Wiegel, 2009\/ Le Louvre, Het Apparaat, Catalogue des Chefs-d&#039;Oeuvre - Laurence A\u00ebgerter<\/title>\n<meta name=\"robots\" content=\"index, follow, max-snippet:-1, max-image-preview:large, max-video-preview:-1\" \/>\n<link rel=\"canonical\" href=\"https:\/\/laurenceaegerter.com\/artwork\/appropriations-marieke-wiegel-2009\/\" \/>\n<meta property=\"og:locale\" content=\"en_US\" \/>\n<meta property=\"og:type\" content=\"article\" \/>\n<meta property=\"og:title\" content=\"Appropriations, Marieke Wiegel, 2009\/ Le Louvre, Het Apparaat, Catalogue des Chefs-d&#039;Oeuvre - Laurence A\u00ebgerter\" \/>\n<meta property=\"og:url\" content=\"https:\/\/laurenceaegerter.com\/artwork\/appropriations-marieke-wiegel-2009\/\" \/>\n<meta property=\"og:site_name\" content=\"Laurence A\u00ebgerter\" \/>\n<meta property=\"article:modified_time\" content=\"2015-03-24T14:55:37+00:00\" \/>\n<meta name=\"twitter:label1\" content=\"Est. reading time\" \/>\n\t<meta name=\"twitter:data1\" content=\"3 minutes\" \/>\n<script type=\"application\/ld+json\" class=\"yoast-schema-graph\">{\"@context\":\"https:\\\/\\\/schema.org\",\"@graph\":[{\"@type\":\"WebPage\",\"@id\":\"https:\\\/\\\/laurenceaegerter.com\\\/artwork\\\/appropriations-marieke-wiegel-2009\\\/\",\"url\":\"https:\\\/\\\/laurenceaegerter.com\\\/artwork\\\/appropriations-marieke-wiegel-2009\\\/\",\"name\":\"Appropriations, Marieke Wiegel, 2009\\\/ Le Louvre, Het Apparaat, Catalogue des Chefs-d'Oeuvre - Laurence A\u00ebgerter\",\"isPartOf\":{\"@id\":\"https:\\\/\\\/laurenceaegerter.com\\\/artwork\\\/#website\"},\"datePublished\":\"2014-10-27T09:47:14+00:00\",\"dateModified\":\"2015-03-24T14:55:37+00:00\",\"breadcrumb\":{\"@id\":\"https:\\\/\\\/laurenceaegerter.com\\\/artwork\\\/appropriations-marieke-wiegel-2009\\\/#breadcrumb\"},\"inLanguage\":\"en-US\",\"potentialAction\":[{\"@type\":\"ReadAction\",\"target\":[\"https:\\\/\\\/laurenceaegerter.com\\\/artwork\\\/appropriations-marieke-wiegel-2009\\\/\"]}]},{\"@type\":\"BreadcrumbList\",\"@id\":\"https:\\\/\\\/laurenceaegerter.com\\\/artwork\\\/appropriations-marieke-wiegel-2009\\\/#breadcrumb\",\"itemListElement\":[{\"@type\":\"ListItem\",\"position\":1,\"name\":\"Home\",\"item\":\"https:\\\/\\\/laurenceaegerter.com\\\/artwork\\\/\"},{\"@type\":\"ListItem\",\"position\":2,\"name\":\"Appropriations, Marieke Wiegel, 2009\\\/ Le Louvre, Het Apparaat, Catalogue des Chefs-d&#8217;Oeuvre\"}]},{\"@type\":\"WebSite\",\"@id\":\"https:\\\/\\\/laurenceaegerter.com\\\/artwork\\\/#website\",\"url\":\"https:\\\/\\\/laurenceaegerter.com\\\/artwork\\\/\",\"name\":\"Laurence A\u00ebgerter\",\"description\":\"laur10\",\"potentialAction\":[{\"@type\":\"SearchAction\",\"target\":{\"@type\":\"EntryPoint\",\"urlTemplate\":\"https:\\\/\\\/laurenceaegerter.com\\\/artwork\\\/?s={search_term_string}\"},\"query-input\":{\"@type\":\"PropertyValueSpecification\",\"valueRequired\":true,\"valueName\":\"search_term_string\"}}],\"inLanguage\":\"en-US\"}]}<\/script>\n<!-- \/ Yoast SEO plugin. -->","yoast_head_json":{"title":"Appropriations, Marieke Wiegel, 2009\/ Le Louvre, Het Apparaat, Catalogue des Chefs-d'Oeuvre - Laurence A\u00ebgerter","robots":{"index":"index","follow":"follow","max-snippet":"max-snippet:-1","max-image-preview":"max-image-preview:large","max-video-preview":"max-video-preview:-1"},"canonical":"https:\/\/laurenceaegerter.com\/artwork\/appropriations-marieke-wiegel-2009\/","og_locale":"en_US","og_type":"article","og_title":"Appropriations, Marieke Wiegel, 2009\/ Le Louvre, Het Apparaat, Catalogue des Chefs-d'Oeuvre - Laurence A\u00ebgerter","og_url":"https:\/\/laurenceaegerter.com\/artwork\/appropriations-marieke-wiegel-2009\/","og_site_name":"Laurence A\u00ebgerter","article_modified_time":"2015-03-24T14:55:37+00:00","twitter_misc":{"Est. reading time":"3 minutes"},"schema":{"@context":"https:\/\/schema.org","@graph":[{"@type":"WebPage","@id":"https:\/\/laurenceaegerter.com\/artwork\/appropriations-marieke-wiegel-2009\/","url":"https:\/\/laurenceaegerter.com\/artwork\/appropriations-marieke-wiegel-2009\/","name":"Appropriations, Marieke Wiegel, 2009\/ Le Louvre, Het Apparaat, Catalogue des Chefs-d'Oeuvre - Laurence A\u00ebgerter","isPartOf":{"@id":"https:\/\/laurenceaegerter.com\/artwork\/#website"},"datePublished":"2014-10-27T09:47:14+00:00","dateModified":"2015-03-24T14:55:37+00:00","breadcrumb":{"@id":"https:\/\/laurenceaegerter.com\/artwork\/appropriations-marieke-wiegel-2009\/#breadcrumb"},"inLanguage":"en-US","potentialAction":[{"@type":"ReadAction","target":["https:\/\/laurenceaegerter.com\/artwork\/appropriations-marieke-wiegel-2009\/"]}]},{"@type":"BreadcrumbList","@id":"https:\/\/laurenceaegerter.com\/artwork\/appropriations-marieke-wiegel-2009\/#breadcrumb","itemListElement":[{"@type":"ListItem","position":1,"name":"Home","item":"https:\/\/laurenceaegerter.com\/artwork\/"},{"@type":"ListItem","position":2,"name":"Appropriations, Marieke Wiegel, 2009\/ Le Louvre, Het Apparaat, Catalogue des Chefs-d&#8217;Oeuvre"}]},{"@type":"WebSite","@id":"https:\/\/laurenceaegerter.com\/artwork\/#website","url":"https:\/\/laurenceaegerter.com\/artwork\/","name":"Laurence A\u00ebgerter","description":"laur10","potentialAction":[{"@type":"SearchAction","target":{"@type":"EntryPoint","urlTemplate":"https:\/\/laurenceaegerter.com\/artwork\/?s={search_term_string}"},"query-input":{"@type":"PropertyValueSpecification","valueRequired":true,"valueName":"search_term_string"}}],"inLanguage":"en-US"}]}},"jetpack_sharing_enabled":true,"jetpack_shortlink":"https:\/\/wp.me\/P9O3R8-9x","_links":{"self":[{"href":"https:\/\/laurenceaegerter.com\/artwork\/wp-json\/wp\/v2\/pages\/591","targetHints":{"allow":["GET"]}}],"collection":[{"href":"https:\/\/laurenceaegerter.com\/artwork\/wp-json\/wp\/v2\/pages"}],"about":[{"href":"https:\/\/laurenceaegerter.com\/artwork\/wp-json\/wp\/v2\/types\/page"}],"author":[{"embeddable":true,"href":"https:\/\/laurenceaegerter.com\/artwork\/wp-json\/wp\/v2\/users\/1"}],"replies":[{"embeddable":true,"href":"https:\/\/laurenceaegerter.com\/artwork\/wp-json\/wp\/v2\/comments?post=591"}],"version-history":[{"count":4,"href":"https:\/\/laurenceaegerter.com\/artwork\/wp-json\/wp\/v2\/pages\/591\/revisions"}],"predecessor-version":[{"id":2054,"href":"https:\/\/laurenceaegerter.com\/artwork\/wp-json\/wp\/v2\/pages\/591\/revisions\/2054"}],"wp:attachment":[{"href":"https:\/\/laurenceaegerter.com\/artwork\/wp-json\/wp\/v2\/media?parent=591"}],"curies":[{"name":"wp","href":"https:\/\/api.w.org\/{rel}","templated":true}]}}